{"id":37901,"date":"2025-08-10T16:40:18","date_gmt":"2025-08-10T21:40:18","guid":{"rendered":"https:\/\/www.forgymservice.com.co\/?post_type=product&#038;p=37901"},"modified":"2025-08-10T17:07:50","modified_gmt":"2025-08-10T22:07:50","slug":"guante-para-ejercicio-talla-m","status":"publish","type":"product","link":"https:\/\/www.forgymservice.com.co\/index.php\/producto\/guante-para-ejercicio-talla-m\/","title":{"rendered":"GUANTE PARA EJERCICIO TALLA M"},"content":{"rendered":"<p class=\"\">El\u00a0<strong>Guante para Ejercicio \u2013 Talla M<\/strong>\u00a0est\u00e1 dise\u00f1ado para quienes entrenan con frecuencia y necesitan\u00a0<strong>protecci\u00f3n, agarre y libertad de movimiento<\/strong>. Gracias a su construcci\u00f3n en\u00a0<strong>materiales flexibles y transpirables<\/strong>, este guante se adapta perfectamente a la mano, ofreciendo comodidad durante sesiones largas y variadas.<\/p>\n<p class=\"\">La\u00a0<strong>palma reforzada con superficie antideslizante<\/strong>\u00a0permite un control superior en cada repetici\u00f3n, ya sea usando mancuernas, barras o trabajando en m\u00e1quinas. Adem\u00e1s, su dise\u00f1o sin mu\u00f1equera lo hace m\u00e1s ligero, ideal para quienes prefieren un ajuste natural sin perder soporte.<\/p>\n<p class=\"\">Por otro lado, su\u00a0<strong>tejido respirable<\/strong>\u00a0ayuda a mantener las manos frescas y secas, incluso en rutinas exigentes. Esto no solo mejora la experiencia de entrenamiento, sino que tambi\u00e9n prolonga la vida \u00fatil del guante.<\/p>\n","protected":false},"excerpt":{"rendered":"<ul data-start=\"2672\" data-end=\"2955\">\n<li class=\"\" data-start=\"2672\" data-end=\"2723\">\n<p class=\"\" data-start=\"2674\" data-end=\"2723\">Talla M, ajuste ergon\u00f3mico para manos medianas.<\/p>\n<\/li>\n<li class=\"\" data-start=\"2724\" data-end=\"2775\">\n<p class=\"\" data-start=\"2726\" data-end=\"2775\">Palma antideslizante que mejora el rendimiento.<\/p>\n<\/li>\n<li class=\"\" data-start=\"2776\" data-end=\"2830\">\n<p class=\"\" data-start=\"2778\" data-end=\"2830\">Material ligero y transpirable para mayor confort.<\/p>\n<\/li>\n<li class=\"\" data-start=\"2831\" data-end=\"2887\">\n<p class=\"\" data-start=\"2833\" data-end=\"2887\">Dise\u00f1o sin mu\u00f1equera, ideal para rutinas vers\u00e1tiles.<\/p>\n<\/li>\n<li class=\"\" data-start=\"2888\" data-end=\"2955\">\n<p class=\"\" data-start=\"2890\" data-end=\"2955\">Perfectos para gimnasio, pesas, barras y entrenamiento funcional.<\/p>\n<ul data-start=\"2672\" data-end=\"2955\">\n<li class=\"\" data-start=\"2672\" data-end=\"2723\">\n<p class=\"\" data-start=\"2674\" data-end=\"2723\">Talla M, ajuste ergon\u00f3mico para manos medianas.<\/p>\n<\/li>\n<li class=\"\" data-start=\"2724\" data-end=\"2775\">\n<p class=\"\" data-start=\"2726\" data-end=\"2775\">Palma antideslizante que mejora el rendimiento.<\/p>\n<\/li>\n<li class=\"\" data-start=\"2776\" data-end=\"2830\">\n<p class=\"\" data-start=\"2778\" data-end=\"2830\">Material ligero y transpirable para mayor confort.<\/p>\n<\/li>\n<li class=\"\" data-start=\"2831\" data-end=\"2887\">\n<p class=\"\" data-start=\"2833\" data-end=\"2887\">Dise\u00f1o sin mu\u00f1equera, ideal para rutinas vers\u00e1tiles.<\/p>\n<\/li>\n<li class=\"\" data-start=\"2888\" data-end=\"2955\">\n<p class=\"\" data-start=\"2890\" data-end=\"2955\">Perfectos para gimnasio, pesas, barras y entrenamiento funcional.<\/p>\n<\/li>\n<\/ul>\n<\/li>\n<\/ul>\n","protected":false},"featured_media":37906,"template":"","meta":{"_joinchat":[]},"product_brand":[],"product_cat":[122],"product_tag":[],"class_list":{"0":"post-37901","1":"product","2":"type-product","3":"status-publish","4":"has-post-thumbnail","6":"product_cat-accesorios-varios","8":"first","9":"instock","10":"shipping-taxable","11":"purchasable","12":"product-type-simple"},"_links":{"self":[{"href":"https:\/\/www.forgymservice.com.co\/index.php\/wp-json\/wp\/v2\/product\/37901","targetHints":{"allow":["GET"]}}],"collection":[{"href":"https:\/\/www.forgymservice.com.co\/index.php\/wp-json\/wp\/v2\/product"}],"about":[{"href":"https:\/\/www.forgymservice.com.co\/index.php\/wp-json\/wp\/v2\/types\/product"}],"version-history":[{"count":1,"href":"https:\/\/www.forgymservice.com.co\/index.php\/wp-json\/wp\/v2\/product\/37901\/revisions"}],"predecessor-version":[{"id":37902,"href":"https:\/\/www.forgymservice.com.co\/index.php\/wp-json\/wp\/v2\/product\/37901\/revisions\/37902"}],"wp:featuredmedia":[{"embeddable":true,"href":"https:\/\/www.forgymservice.com.co\/index.php\/wp-json\/wp\/v2\/media\/37906"}],"wp:attachment":[{"href":"https:\/\/www.forgymservice.com.co\/index.php\/wp-json\/wp\/v2\/media?parent=37901"}],"wp:term":[{"taxonomy":"product_brand","embeddable":true,"href":"https:\/\/www.forgymservice.com.co\/index.php\/wp-json\/wp\/v2\/product_brand?post=37901"},{"taxonomy":"product_cat","embeddable":true,"href":"https:\/\/www.forgymservice.com.co\/index.php\/wp-json\/wp\/v2\/product_cat?post=37901"},{"taxonomy":"product_tag","embeddable":true,"href":"https:\/\/www.forgymservice.com.co\/index.php\/wp-json\/wp\/v2\/product_tag?post=37901"}],"curies":[{"name":"wp","href":"https:\/\/api.w.org\/{rel}","templated":true}]}}